u**2 - 14*u - 1240. Is y(35) prime?
False
Suppose 5*m - 193489 = -2*o, 4*o - 1 = 7. Is m a composite number?
True
Let k = 1018776 - 99367. Is k a prime number?
True
Let i = -83 + 86. Is (i/(-12))/(19/(-319276)) composite?
False
Suppose -2*w = -3*w + 3*b + 649, -3*b + 15 = 0. Let i = w - -2005. Is i composite?
True
Let w(l) = 1635*l**2 + 4*l - 3. Let h be w(1). Suppose -2*y = 3*y + 5*t + 8180, 4*t = y + h. Let a = y - -4289. Is a composite?
True
Let s = 5690 + -4012. Suppose 5*x + 3*a = 28901, x - 4099 = a + s. Is x prime?
True
Is 683660/(-30)*(28/(-8) - 4) composite?
True
Suppose 0 = 5*v - 18*v + 52. Let c be 0/(-1*(-3 + 2)). Suppose n + 739 = -c*i + v*i, 4*i - 738 = 2*n. Is i a composite number?
True
Suppose 2*n = 5*i + 336, n - 2*i + i = 168. Let g = n - 347. Let f = g + 828. Is f composite?
True
Suppose -5*m - 98 = 7. Is (m + 22)*12898/2 prime?
True
Let u(b) = b + 15. Let t be u(4). Let h = t + 10. Is (29 - h) + 7*883 composite?
True
Let x(s) = -2*s - 30. Suppose -6*o - 58 = 44. Let i be x(o). Suppose -3*m = -4*m - 5*b + 547, i*m - 2236 = 4*b. Is m a prime number?
True
Is -2*(-50982)/52 + (-6812)/(-338) + -20 a prime number?
False
Suppose -3*l = -8*l + 10, -4*l - 40 = -4*c. Let q(z) = -18*z**3 + 12*z + 17*z**3 + 10*z**2 + 4 + 4*z**2 - 17. Is q(c) prime?
True
Let x(b) = b**3 - 3*b**2 - 11*b + 12. Let m be x(5). Let r(q) = 949*q**2 + 18*q - 1. Let w be r(m). Suppose 10*d + 10016 - w = 0. Is d a composite number?
True
Suppose -12*m + 14*m - 45542 = 0. Suppose 0 = 2*h + 4*p - 45546, -h + 0*h - p = -m. Is h a composite number?
False
Let y = 11045 - -19902. Is y a composite number?
True
Suppose -5*t + 10 + 48 = -2*y, -2*t + 23 = -y. Is (-6062)/(-6) - t/9 prime?
True
Let x be (5 + (-14294)/21)/(2/(-6)). Suppose -4*z = s - 2523, -2*z - 5*s + x = 770. Is z prime?
True
Let f(l) = -l**2 + 15*l - 33. Let p be f(4). Suppose v - 8*g + p*g - 63346 = 0, -5*v + 316713 = -2*g. Is v prime?
False
Suppose -y + m = -56248, -34*m + 56254 = y - 29*m. Is y a composite number?
False
Suppose 5 = -3*y - m, -4*y + 3 + 22 = -5*m. Suppose y = -2*g + 2*k + 17362 + 4242, -k = 2*g - 21613. Is g a composite number?
True
Is -138*((-10756)/8 + 4) - -2 a composite number?
True
Let f be (-12)/(-21) + 85/35. Suppose -4*y = 2*p - 6766, 12*p = -f*y + 17*p + 5094. Is y a prime number?
True
Let t be 70/30 + 32477/3. Is (1/2)/((-97450)/t + 9) a prime number?
True
Let g(a) = -30*a**3 + 5*a**2 + 10*a + 38. Let z(f) = -92*f**3 + 16*f**2 + 30*f + 114. Let n(w) = 7*g(w) - 2*z(w). Is n(-5) composite?
False
Let t be 36/(-78)*(-260)/15. Let n(y) = 10*y + 1 - y**2 + 8*y - 7*y - 4. Is n(t) prime?
False
Suppose 0 = -12*t + 13*t - 8. Let s be (3 + (-28)/t - -1)*5358. Suppose -464 = 5*u - s. Is u a composite number?
False
Is (17 - 36/2)*-74513 prime?
False
Let i(d) = 91*d + 205. Let t be i(14). Let n = 216 + -1004. Let c = t + n. Is c prime?
True
Let h(j) = -159*j + 8. Let u be h(-2). Let o = u + 275. Let c = o - -358. Is c prime?
False
Suppose -5*b + 20 = 4*t, t + 0*b - 3*b = 5. Suppose -4*k + 3354 = t*q, -584 = -2*q + k + 768. Suppose -4*w + 266 = -q. Is w prime?
False
Let u = 77084 + -4153. Suppose -4*b + u = 3*t, t = -t - 3*b + 48619. Is t prime?
True
Let x = -22 + 44. Let i be (-1)/(2 + x/(-10)). Suppose -i*k + 3*k = -1598. Is k a composite number?
True
Suppose 456127 + 433674 = 23*z. Is z a prime number?
False
Let j(m) = -24*m - 188. Let u be j(-8). Let c(d) = 14*d**2 - 19*d + 1. Is c(u) a prime number?
True
Suppose 9*j + 14113 = 40789. Suppose -j = -5*r + 6781. Is r prime?
True
Suppose -i - 1456 + 7083 = 0. Is i a prime number?
False
Let w(s) = 1386*s + 145. Is w(6) prime?
True
Let p(v) = 370*v - 93. Let n be p(5). Suppose 5*k - 35 = 10. Is n - 9/(k/(-2)) prime?
True
Let c be (-1)/(-6) + (-5)/(90/(-190383)). Let a = 25062 - c. Is a prime?
False
Let i(b) = 7*b**2 - 2*b - 1. Let n be i(-1). Suppose 3*p = -3*w, 2*w - 2*p + 0*p = n. Suppose 2230 = w*h + 656. Is h a prime number?
True
Is 3615708/6 - ((-9 - -7) + 3) prime?
False
Suppose -10068 = 20*w - 22*w + x, -w = 2*x - 5029. Let v(r) = -12570*r. Let y be v(-1). Suppose -p - 3*l = -3*p + w, y = 5*p + 5*l. Is p composite?
True
Suppose 5*b + 11100 = 5*l, -3*b - l + 5*l = 6659. Let n = -3196 - b. Let h = -674 - n. Is h prime?
False
Let v be 538/3*(-6)/(-4). Suppose -2*h - 4*h = -93*h + 107532. Let o = h - v. Is o composite?
False
Suppose u - 117597 = -11*y + 15*y, -3*y = 5*u - 588100. Is u composite?
False
Suppose 3*u = 3177 + 2214. Suppose -v - 2*w - 3546 = -3*v, 5*w - u = -v. Is v composite?
False
Suppose -q - 39676 = -2*x, q = -5*x + 57071 + 42098. Is x a prime number?
False
Let m(w) = 697*w - 125. Let j(x) = -1. Let a(n) = -3*j(n) + m(n). Is a(13) prime?
False
Let d(w) = 279*w + 240*w - 479*w - 26 + 245*w. Is d(5) a composite number?
False
Let d(j) = -75*j + 1 + 5*j**2 - 3*j**2 + 6421*j**3 + 73*j - 435*j**3. Is d(1) composite?
False
Let d = 523 + -518. Suppose -d*f + 1594 = o, -2*o + 1878 = 4*f - 1340. Is o a prime number?
True
Let x(z) = 1164*z - 25. Let q = 209 - 208. Is x(q) prime?
False
Let f(i) = 2*i + 20. Let y be f(-10). Suppose -w - 1512 = -4*c, y = -4*c - 2*w + 5*w + 1504. Is c composite?
False
Let p(v) = 39*v + 15959. Is p(0) a composite number?
False
Is ((-438)/(-18) + -24)*4377093 a prime number?
False
Let n = 5452 + 26865. Is n a prime number?
False
Let w be (1 - -6) + (-75)/25. Suppose -2*q + u + 2691 = 0, -4*q - 1363 = -5*q + w*u. Is q a prime number?
False
Suppose 83*g + 299731 = 1229169 + 869255. Is g composite?
True
Suppose -3*a + 1411 = 4*o, 2*o - 1421 = 2*a - 5*a. Let f = 764 - a. Is f a prime number?
False
Let a(q) = 249*q - 355. Let n(z) = 3*z**2 + 22*z - 107. Let c be n(4). Is a(c) prime?
False
Let t be (-2)/(3*3/3816). Suppose i = -2*b + 1229, -15 = -4*b + 7*b. Let x = t + i. Is x prime?
False
Let y = 94013 + -48706. Is y a composite number?
False
Let u(x) = x**2 + 42*x - 84. Let v be u(-44). Suppose -v*f - 3930 = -9*f + 5*p, 5*f - 3*p - 3932 = 0. Is f composite?
False
Let n be 0/((-7)/(-7)*2). Is (n - -2)/(74/277463) a composite number?
False
Let n(f) = 28145*f**3 + 9*f**2 + 4*f - 7. Is n(1) a prime number?
True
Let q(x) = -1201*x**3 - x**2 + 3*x + 4. Let j(b) = 5*b - 4. Let i be j(1). Suppose -i = 69*v - 68*v. Is q(v) a prime number?
True
Suppose 7*o - 14*o = 0. Is (-3 - (o - 4))*1513 composite?
True
Suppose -29135 = -4*n - 2*u + 24125, 53260 = 4*n - 2*u. Is n a composite number?
True
Suppose -5*c = -5*h + 31950, 11*c + 31944 = 6*c - h. Let v = -36 - c. Is v prime?
True
Let s(k) = 20*k**2 - 9*k - 14. Let u be s(-9). Suppose 2*d + 2*b - u - 343 = 0, 3*d = 3*b + 3069. Is d prime?
True
Suppose f - j + 5*j - 30 = 0, -f + j = -35. Let n(u) = 5*u**2 - 22*u - 45. Is n(f) a composite number?
False
Let h(p) = p**3 + 3*p**2 - 7*p + 25. Let m(i) = 1 + 12*i**2 + 4*i**2 + 0 - 5*i**2 + 2*i. Let b be m(-1). Is h(b) a prime number?
False
Let o(l) = -8*l**2 + 9*l**2 + 0*l**2 - 14 + 26 - 2*l. Let y be o(-4). Suppose 41*k - 2605 = y*k. Is k prime?
True
Let q be ((-247988)/(-8))/13 + (-2)/(-4). Suppose -5*l + 985 = -5*j - 1440, 5*j - q = -5*l. Is l composite?
True
Let y = 38089 - -1788. Is y prime?
True
Let q = -334 - -345. Suppose 0 = 7*s + q*s - 58302. Is s a prime number?
False
Suppose 3*m = 4*d - 405697, -2695*m = -2*d - 2699*m + 202810. Is d a composite number?
False
Is 4*7/((-84)/(-25395)) composite?
True
Let k = -139 - -139. Suppose k = -11*u + 3610 + 6521. Is u prime?
False
Suppose 0 = -70*a + 77*a + 1722. Is (-123)/a*(41774 - -1 - 1) prime?
True
Let l(i) = i**2 + 3*i - 8. Suppose 3 = x, 2*x - 53 = -5*k + 6*x. Let t be l(k). Let r = 383 + t. Is r composite?
True
Suppose 3*n = 5*u - 0*n - 86, 54 = 4*u + 5*n. Let d(r) = 13*r**2 - 15*r - 7. Let a be d(4). Let l = u + a. Is l a prime number?
True
Is 1*(-8 + 13 + 3) - -262887 a prime number?
False
Let u(s) = 38*s**2 - 24*s - 11. Let z be u(25). Suppose 25*r = z + 14786. Is r a prime number?
False
Suppose 0 = -45*u + 200*u - 4826545. Is u composite?
False
Let u be 5 - 7/(21/9). Suppose -2*x + 5806 = 3*n, 5806 = u*x + 3*n + 2*n. Is x a prime number?
True
Let u be (6/(-8))/((-24)/96). Suppose -3*m = g - 78, 4*m - 1 = u*m. Suppose -t + 43 = 3*z, 0 = 5*z + 7*t - 2*t - g. Is z prime?
False
Let j(v) = -16 - 10 - 1274*v - 16 + 45. Is j(-2) a composite number?
False
Is (4 - 2)*12/30*(-34